 = v**3 - 23*v**2 - 9*v + 145. What is s(23)?
-62
Let s(r) = r**2 + 1034*r - 13574. Determine s(13).
37
Let p(v) = 191*v - 7687. Calculate p(42).
335
Let t(k) = -20*k**2 - 1910*k + 4881. Give t(-98).
-19
Let s(r) = -104267*r + 834239. What is s(8)?
103
Let h(o) = 20*o**2 - 16772*o - 84368. Determine h(-5).
-8
Let l(c) = c**3 - 47*c**2 + 99*c - 493. Give l(45).
-88
Let m(w) = 16*w**2 + 13096*w - 59139. Calculate m(-823).
117
Let p(z) = z**3 - 60*z**2 - 437*z + 15668. Give p(63).
44
Let o(r) = 59*r**3 - 13*r**2 - 71*r + 188. Determine o(2).
466
Let n(y) = -6177*y + 80007. Calculate n(13).
-294
Let i(d) = 2937*d - 111497. Calculate i(38).
109
Let a(z) = 271*z - 1814. Calculate a(4).
-730
Let l(h) = h**2 + 79*h - 802. Give l(-99).
1178
Let r(y) = 22*y**3 + 248*y**2 + 54*y - 2. What is r(-11)?
130
Let r(l) = 14*l**2 + 283*l + 2889. Give r(-11).
1470
Let u(f) = 239*f - 873. What is u(4)?
83
Let c(r) = 64*r**3 - 549*r**2 + 567*r - 19. Determine c(1).
63
Let b(v) = 17915*v**2 - 17897*v - 16. Calculate b(1).
2
Let b(m) = 4*m**3 - 49*m**2 + 70*m - 78. What is b(12)?
618
Let z(x) = 3*x**2 - 777*x - 29882. Calculate z(-34).
4
Let c(i) = 9*i**2 - 356*i - 77. What is c(41)?
456
Let s(y) = 3*y**2 + 391*y + 10986. Calculate s(-88).
-190
Let t(l) = -l**3 + 6*l**2 + 392*l - 45. Calculate t(-16).
-685
Let v(x) = 743*x**2 - 8159*x - 22. Give v(11).
132
Let n(i) = i**3 - 197*i**2 - 385*i + 37170. Give n(198).
144
Let m(z) = 92*z**3 + 16468*z**2 - 100*z - 17905. Give m(-179).
-5
Let a(b) = -b**3 - 102*b**2 - 4*b - 131. Determine a(-102).
277
Let p(s) = -91007*s + 1182630. Determine p(13).
-461
Let b(o) = -o**3 - 26*o**2 - 28*o + 40. Determine b(-25).
115
Let g(s) = -s**3 - 7*s**2 - 77*s - 623. What is g(-7)?
-84
Let h(b) = -2*b**2 - 61*b - 497. Give h(-15).
-32
Let v(r) = 16*r**3 - 34*r**2 - 333*r + 674. Determine v(2).
0
Let s(v) = -53*v**2 + 3367*v + 5054. Determine s(65).
-16
Let j(b) = -b**3 - 82*b**2 + 185*b - 29. Calculate j(-84).
-1457
Let a(m) = m**3 + 156*m**2 - 4938*m + 667. Calculate a(-183).
118
Let w(h) = 11*h**2 + 758*h + 3355. Determine w(-64).
-101
Let x(g) = -101184*g - 202337. Give x(-2).
31
Let z(a) = -47*a + 3093. Give z(78).
-573
Let f(v) = -6*v**3 - 203*v**2 - 114*v - 5025. Calculate f(-34).
7
Let h(v) = v**2 + 42*v - 992. Give h(-68).
776
Let q(p) = -73*p**2 - 318*p - 1945. Give q(-7).
-3296
Let z(r) = 61*r**2 + 218*r + 125. What is z(-3)?
20
Let f(p) = 16*p**2 - 563*p + 386. What is f(30)?
-2104
Let z(u) = u**3 - 9*u**2 - 122*u + 119. Give z(16).
-41
Let k(u) = -9*u**3 - 162*u**2 - 287*u + 15. Determine k(-16).
-1
Let u(r) = -r**2 + 75*r - 97. Give u(67).
439
Let z(y) = -286*y + 3697. Give z(13).
-21
Let s(c) = c**3 - 18*c**2 - 899*c + 329. Determine s(40).
-431
Let s(z) = z**2 - 568*z - 190784. Give s(805).
1
Let z(o) = -242*o**2 - 943*o - 95. Give z(-4).
-195
Let a(n) = 7*n**3 - 109*n**2 + 313*n + 403. What is a(11)?
-26
Let d(x) = 36567*x + 1535819. Determine d(-42).
5
Let l(q) = 46110*q + 1521635. Calculate l(-33).
5
Let l(p) = 2*p**2 + 3093*p - 414310. What is l(124)?
-26
Let u(m) = 471*m**2 - 20732*m + 357. Determine u(44).
5
Let f(p) = 12*p**2 + 44*p + 381. What is f(-13)?
1837
Let r(j) = -131*j**3 - 1177*j**2 + 201*j + 1639. What is r(-9)?
-8
Let n(h) = 12441*h + 12627603. What is n(-1015)?
-12
Let a(g) = -18232*g - 3008277. What is a(-165)?
3
Let t(b) = 3*b**2 - 133300*b + 399864. What is t(3)?
-9
Let h(z) = 85*z + 15772. Give h(-140).
3872
Let g(y) = y**2 - 6592*y - 554038. Give g(-83).
-13
Let s(h) = -2*h**2 + 72613*h + 290487. What is s(-4)?
3
Let o(m) = -45*m**2 + 422*m + 1547. What is o(12)?
131
Let c(y) = 191*y - 79675. Give c(417).
-28
Let s(n) = 178*n + 6818. Give s(-38).
54
Let z(j) = j**3 - 61*j**2 + 177*j + 18. What is z(3)?
27
Let a(l) = -5*l**2 + 278*l + 98. Calculate a(55).
263
Let l(y) = 6*y**3 + 80*y**2 + 38*y + 27. Determine l(-12).
723
Let t(p) = -7208*p - 1139093. Give t(-158).
-229
Let w(b) = 73*b**2 + 10732*b + 256. Calculate w(-147).
109
Let o(b) = 5*b**3 + 26*b**2 - 15*b - 88. Determine o(-6).
-142
Let t(d) = d**3 - 310*d**2 - 6452*d + 66108. Determine t(329).
-21
Let b(v) = 14*v**3 + 3*v**2 - 1335*v - 5373. Determine b(-4).
-881
Let b(v) = -3*v**3 - 129*v**2 - 128*v - 78. Calculate b(-42).
6
Let u(s) = s**2 + 9326*s - 971195. What is u(103)?
-8
Let j(l) = -l**3 + 162*l**2 + 308*l + 3527. What is j(164)?
247
Let q(o) = 20372*o - 142599. Calculate q(7).
5
Let m(y) = -101*y - 23090. What is m(-229)?
39
Let f(k) = 132269*k + 13491442. Calculate f(-102).
4
Let q(k) = -k**2 - 151*k + 11538. Calculate q(56).
-54
Let k(r) = 2887*r - 37850. Determine k(12).
-3206
Let u(p) = p**2 + 5980*p + 29879. Determine u(-5).
4
Let y(a) = -41*a**3 + 2044*a**2 + 298*a + 117. Determine y(50).
17
Let t(o) = 4509*o - 81139. What is t(18)?
23
Let f(s) = 56058*s + 168450. Calculate f(-3).
276
Let s(c) = -12*c**2 - 458*c - 2896. Determine s(-8).
0
Let k(q) = q**3 - 18*q**2 - 2249*q + 44163. Give k(20).
-17
Let z(q) = 65440*q + 588971. Determine z(-9).
11
Let y(a) = a**3 + 119*a**2 + 776*a - 881. Calculate y(-112).
15
Let l(x) = -150*x - 19486. Give l(-134).
614
Let q(u) = u**3 + 248*u**2 - 749*u + 969. What is q(-251)?
-35
Let a(x) = -39*x**2 + 495*x + 441. Determine a(12).
765
Let f(b) = 228*b**2 + 396*b - 15. What is f(-3)?
849
Let x(h) = -h**2 - 5048*h + 2132426. Determine x(392).
-54
Let z(m) = m**2 + 34*m - 1738. Give z(-83).
2329
Let o(q) = q**3 + 17*q**2 - 822*q - 14874. What is o(-19)?
22
Let i(w) = -194*w - 3115. What is i(-19)?
571
Let f(d) = -3*d**2 + 121*d + 1407. Determine f(-11).
-287
Let v(o) = 2*o**3 - 51*o**2 + 142*o + 319. Give v(5).
4
Let t(f) = -144317*f - 29296349. Determine t(-203).
2
Let s(q) = -42*q**3 + 168*q**2 - 776*q + 3109. Give s(4).
5
Let v(s) = -7*s**3 + 39*s**2 + 191*s - 824. Calculate v(4).
116
Let t(r) = 20*r**2 - 901*r + 857. What is t(44)?
-67
Let i(d) = -80899*d - 1132589. Calculate i(-14).
-3
Let n(g) = 200*g**2 - 19199*g - 174. Give n(96).
-78
Let f(m) = 1352*m - 102764. What is f(76)?
-12
Let s(h) = 306*h**2 + 97610*h - 1273. Give s(-319).
3
Let r(s) = 4*s**3 - 588*s**2 - 3637*s - 5351. Calculate r(153).
4
Let v(b) = -13174*b + 1488662. Give v(113).
0
Let n(t) = 4*t**3 + 2160*t**2 - 4328*t + 4336. Give n(-542).
0
Let v(d) = 3*d**2 + 117302*d - 234614. Calculate v(2).
2
Let u(n) = -29*n**2 - 923*n + 3246. Calculate u(-35).
26
Let n(i) = -79*i**2 - 2448*i - 389. Determine n(-31).
-420
Let k(p) = -62668*p + 10590893. What is k(169)?
1
Let n(u) = -90*u - 6558. What is n(-49)?
-2148
Let g(u) = 452*u + 55565. What is g(-123)?
-31
Let i(q) = 2*q**3 - 102*q**2 - 380*q + 3047. Give i(54).
23
Let i(h) = -37*h**2 - 680*h + 1378. Determine i(2).
-130
Let j(y) = 19252*y + 38489. What is j(-2)?
-15
Let v(w) = -w**3 - 15*w**2 + 41712*w + 459322. Determine v(-11).
6
Let f(r) = -147*r - 11709. What is f(-107)?
4020
Let g(d) = -d**2 + 5737*d + 57415. Give g(-10).
-55
Let d(b) = 168*b**2 + 1628*b - 4679. Calculate d(-12).
-23
Let t(u) = 65138*u + 5797288. Give t(-89).
6
Let g(r) = -1369*r - 156333. What is g(-115)?
1102
Let r(h) = 26*h**2 + 106*h - 118. What is r(1)?
14
Let f(g) = -10596*g - 222519. Calculate f(-21).
-3
Let n(b) = -204*b**2 + 1819*b - 5442. Give n(3).
-1821
Let j(t) = -6479*t + 1244247. Give j(192).
279
Let z(y) = -5*y**3 - 342*y**2 - 2924*y - 58. Determine z(-9).
2201
Let j(i) = 9469*i - 208108. Determine j(22).
210
Let m(a) = 425*a - 118. Give m(-1).
-543
Let a(y) = 154*y + 307. Calculate a(-9).
-1079
Let x(u) = -6*u**2 - 398*u - 1564. Determine x(-62).
48
Let h(c) = -2*c**2 + 1300*c - 83774. Determine h(578).
-542
Let a(i) = 187*i**2 + 1635*i - 3271. Determine a(2).
747
Let d(o) = 1081*o + 70045. Determine d(-66).
-1301
Let g(t) = -15*t**2 + 558*t + 2240. What is g(-4)?
-232
Let r(k) = 545620*k - 12003666. Calculate r(22).
-26
Let r(i) = 4*i**2 - 61*i + 583. What is r(8)?
351
Let r(z) = 2*z**2 - 1017*z + 20233. Determine r(21).
-242
Let s(p) = 11471*p - 172009. Determine s(15).
56
Let i(z) = 56420*z - 3498010. Calculate i(62).
30
Let p(k) = k**2 - 256*k + 13152. What is p(83)?
-1207
Let g(l) = 6*l**2 + 37*l - 490. Determine g(-13).
43
Let w(z) = 65*z - 517. What is w(20)?
783
Let x(h) = -24*h**2 + 24*h - 89. Give x(0).
-89
Let s(f) = -17*f**2 - 51*f - 105. Determine s(9).
-1941
Let t(a) = -2